remainder when 56 is divided by q(-2)?
26
Let b(c) = c**3 + 16*c**2 - 19*c - 34. Let i be b(-17). Suppose 7*x + 92 - 652 = i. Suppose 9*t - x = 7*t. Calculate the remainder when t is divided by 7.
5
Let g(t) = 4*t - 4. Let y be (-4)/12*-9 + -2. Let s be g(y). Suppose -3*x + s*o = -o - 223, 0 = -x + 2*o + 76. Calculate the remainder when x is divided by 15.
14
Let m(w) = w**2 + 10*w + 24. Let f be m(-6). Suppose f = -5*y + 4*n + 201, 2*y + 5*n - 70 - 17 = 0. What is the remainder when 163 is divided by y?
40
Let p(d) = 2*d**3 - 87*d**2 + 46*d - 40. Let b = 41 + -17. Calculate the remainder when p(43) is divided by b.
17
Let h = 12058 + -12034. Calculate the remainder when (-4)/(-10) - 1183/(-5) is divided by h.
21
Suppose 0 = 30*z - 13*z + 9*z - 72748. Calculate the remainder when z is divided by 8.
6
Let j = -39159 + 40514. Calculate the remainder when 2714 is divided by j.
4
Suppose -2 + 17 = 3*w, 4*c - 296 = 4*w. Suppose -c = -11*a + 64. What is the remainder when 89 is divided by a?
11
Suppose 3*g - 3*r = 54, -g + 5*r - 90 = -6*g. Let t(j) = -26*j - 17. Let w be (-88)/33*6/4. Calculate the remainder when t(w) is divided by g.
15
Let y(r) be the first derivative of 11*r**3/3 + r**2 + 21. Let f be (1 - 2) + 0 + -2. What is the remainder when y(f) is divided by 24?
21
Suppose -163*d + 21285 = -21*d + 73*d. Calculate the remainder when 479 is divided by d.
83
Suppose -2*m + m + 8 = 0. Let g = 1260 - 1240. Calculate the remainder when g is divided by (18/4)/(6/m).
2
Suppose -5899 = -2*s + 2*m + 1449, s - 5*m - 3658 = 0. Suppose -10*q + s = -4*q. What is the remainder when q is divided by 41?
39
Let c(z) = -z**2 + 7*z + 2. Let a = 5326 + -5216. What is the remainder when a is divided by c(6)?
6
Suppose -2*v = 54 - 344. Let l(b) = -b + 1. Let y be l(-4). Suppose -r + v = -4*j, -403 = -3*r + j - y*j. What is the remainder when r is divided by 23?
22
Let l(y) = -y + 27. Let r be l(24). Suppose 26 = r*k - 2*k. What is the remainder when 66 is divided by k?
14
Suppose 291*q - 127747 - 67223 = 0. Calculate the remainder when q is divided by 4.
2
Let g(s) = 856*s + 4301. What is the remainder when 404 is divided by g(-5)?
5
Let a = 8653 + -8379. Calculate the remainder when a is divided by 130.
14
Let h(w) = -w**3 - 28*w**2 - 182*w - 424. Calculate the remainder when h(-22) is divided by 23.
9
What is the remainder when (264/(-1188))/(3/(-36666)) is divided by 904?
4
Suppose 0*a + 5*a = -2*n + 5157, n + a - 2577 = 0. Suppose 9*w + 389 - n = 0. What is the remainder when w is divided by 61?
60
Let t(u) = -44*u - 2. Let r be t(5). Let z = r + 282. Calculate the remainder when 416 is divided by z.
56
What is the remainder when 946 is divided by (-3)/24 + 12380/(-32)*51/(-85)?
18
Calculate the remainder when 1175 is divided by (504/4)/((-57)/(-108) - (-38)/171).
167
Let p(i) = -i**3 - 13*i**2 - 20*i + 26. Let b be p(-11). Suppose 11*k - 9*k - b*n = 16, -79 = -3*k - 5*n. Calculate the remainder when 52 is divided by k.
16
Suppose 4*r + 232 = 985 + 1323. Calculate the remainder when r is divided by 252.
15
Let q = -83 + 40. Let t(m) = m**3 + 42*m**2 - 45*m - 31. Calculate the remainder when 217 is divided by t(q).
52
Suppose -6*m + 36 = -3*m - 5*i, 144 = 4*m + 4*i. What is the remainder when 1819 is divided by m?
10
Suppose 2*x = -3*b + 27, -3*b + 7 = -b + 5*x. Suppose 7*w = -b*w + 1026. What is the remainder when w is divided by 35?
22
Let c be (28/(-2))/(52/676). Calculate the remainder when 107 is divided by (2/(-1))/(13/c).
23
Let y(v) = -4*v**3 + 2*v**2 - 3*v - 6. Let m(f) = -f**3 - 2*f**2 + 7*f - 8. Let k be m(-4). What is the remainder when y(k) is divided by 33?
30
Let b(d) = -53*d - 711. Calculate the remainder when 199 is divided by b(-15).
31
Suppose 167*u + 25*u = 41368 - 4312. Calculate the remainder when u is divided by 103.
90
Suppose 2*k - 705 = 5*h, k + 2*k - 3*h = 1062. Suppose -4*d + 53 = -5*q, -91*q + 17 = -108*q. Calculate the remainder when k is divided by d.
7
Suppose 7*h - 30618 = -12*h - 23*h. Calculate the remainder when h is divided by 13.
1
Let b(q) = -q**3 + 2*q**2 - 13*q - 15. Let g be b(-8). Suppose 903 = 24*t - g. Suppose -4*a + 28 = -0*a. Calculate the remainder when t is divided by a.
5
Let f = -887 + 1234. What is the remainder when f is divided by 39?
35
Let w(x) = 16*x - 148. Let o(a) = -33*a + 296. Let p(n) = -2*o(n) - 5*w(n). What is the remainder when p(-33) is divided by 18?
16
Let a(q) = -27 - 6 + 14*q - q**2 + 9. Let y be a(12). Suppose 5*n + 0*n - 60 = y. What is the remainder when 17 is divided by n?
5
Let q(t) = -364*t + 360*t - 183 + 27. Let m(r) = -5*r - 155. Let x(v) = 2*m(v) - 3*q(v). What is the remainder when x(0) is divided by 32?
30
Let i be (-301 + 1)/(1 + 0). Let z = -188 - i. Calculate the remainder when z is divided by 23.
20
What is the remainder when (-1)/((-3)/(-58))*-3 is divided by 3430/784*4/5*14?
9
Let w be -3*(-44)/24 + (-6)/12. Suppose -z = w*j - 1312, -8*j + 7*j = -z - 266. Calculate the remainder when j is divided by 24.
23
Let w(g) = -212*g**3 - 28*g**2 - 27*g - 9. What is the remainder when w(-3) is divided by 59?
57
Let w(o) = -o**3 + 73*o**2 - 73*o + 544. Calculate the remainder when w(72) is divided by 24.
16
Suppose -40*i - 68*i + 9828 = 0. Calculate the remainder when 416 is divided by i.
52
Let k = 5112 + -5046. Calculate the remainder when k is divided by 56.
10
Let o = 29 - 32. Let v = o + 51. Let s = 59 - v. Calculate the remainder when 61 is divided by s.
6
Let g(h) = -12*h + 2. Let v be g(-4). Suppose -294 = -2*a + v. Let z = 282 - a. What is the remainder when z is divided by 16?
14
Let c(p) = p**3 - 23*p**2 + 43*p + 43. Calculate the remainder when 22718 is divided by c(21).
62
Let q = -22 + 28. What is the remainder when (((-34)/(-8))/(q/(-24)))/(-1) is divided by 3?
2
Suppose 0 = -j + 40 + 24. Let t(c) = -65 - j + 132 + 7*c. What is the remainder when t(9) is divided by 34?
32
Suppose 8 = -2*j, 2*h + 5*j = 5*h - 38. Let g = -574 - -575. What is the remainder when g*3/(-15)*-295 is divided by h?
5
Calculate the remainder when (-5392)/(-4) + (-12 - 0)/(-4) + -9 is divided by 1331.
11
Calculate the remainder when 895 is divided by 94 + (4 - (16 - 6)) - (-7)/7.
5
Let x(r) = -5*r - r - 2 + 2*r. What is the remainder when 9/(72/808)*(1 - (0 - 0)) is divided by x(-9)?
33
Calculate the remainder when 370 is divided by (-945)/90*(-11 - 1).
118
Suppose 12*m = -3*s + 5169, 69 = -2*m + 5*s + 914. What is the remainder when m is divided by 408?
22
Let v(p) = -p**2 - 7*p + 3. Let i be v(-7). Suppose 4*f + 0*h + h = 280, -12 = -i*h. Let b(t) = -2*t + 30. What is the remainder when f is divided by b(9)?
9
Suppose -4*o - 2*z + 162 = 0, 5*o - 2*z = 1499 - 1310. Suppose -2*n - x = -0*x - 149, 3*n + 2*x = 223. Calculate the remainder when n is divided by o.
36
Suppose 5*b = 25, -3*b = -0*f - 5*f + 5. Let m be 1/(-5) + ((-1248)/30)/(-13). Suppose 18 = f*r - m*r. Calculate the remainder when r is divided by 5.
3
Let x(h) = 3*h + 510. Let l be x(0). Suppose -l = -4*p - 458. What is the remainder when 102 is divided by p?
11
Suppose 3 = -11*l + 12*l, 4*n = 3*l + 3. Calculate the remainder when 20 is divided by n.
2
Let l(r) = r**2 + 8*r - 50. Let c be l(-15). Let k = c + -33. What is the remainder when 153 is divided by k?
21
Let f = -104 + 184. Suppose 6*p - 81 = 87. What is the remainder when f is divided by p?
24
Suppose 5*k + a - 105 = -4*a, 26 = k + 2*a. Suppose -127*l + 122*l = -4*y + 96, 4*y - 80 = l. What is the remainder when y is divided by k?
3
Calculate the remainder when 454 is divided by 35/(-2)*72/(-126) + 54.
6
Let d = -7 + 13. Suppose -5*h + d*i + 65 = i, 3*h + i - 35 = 0. Let g(l) = 4*l**2 - l - 1. Calculate the remainder when g(3) is divided by h.
8
Suppose a = -0*a + 2, -2*k = 2*a - 44. What is the remainder when 2 + 2 - (-1190)/(-51)*-3 is divided by k?
14
Let f = -4649 - -4846. Calculate the remainder when f is divided by 45.
17
Let b = -4108 - -6965. Calculate the remainder when b is divided by 55.
52
Let t = 14837 - 14696. What is the remainder when 573 is divided by t?
9
Suppose n = 13 - 5. Let v be (108/n)/(-9)*-16. What is the remainder when 2*747/v - 2/8 is divided by 16?
14
Let b = -2760 - -2764. Suppose 2*v = 189 - 23. What is the remainder when v is divided by b?